60 a multiple of 35?
False
Is 30 a factor of 736?
False
Does 2 divide 13756?
True
Does 8 divide 1912?
True
Does 157 divide 3271?
False
Does 123 divide 4797?
True
Does 44 divide 14484?
False
Does 13 divide 1572?
False
Is 2 a factor of 2993?
False
Is 18 a factor of 870?
False
Is 29835 a multiple of 255?
True
Does 99 divide 2772?
True
Is 8110 a multiple of 43?
False
Is 483 a multiple of 6?
False
Is 9 a factor of 1240?
False
Is 5772 a multiple of 57?
False
Is 304 a multiple of 13?
False
Is 441 a multiple of 7?
True
Does 47 divide 5734?
True
Does 2 divide 53?
False
Is 814 a multiple of 74?
True
Does 120 divide 4800?
True
Is 442 a multiple of 34?
True
Does 9 divide 659?
False
Is 6292 a multiple of 57?
False
Does 20 divide 390?
False
Is 936 a multiple of 12?
True
Does 15 divide 2161?
False
Is 187 a factor of 5610?
True
Is 3 a factor of 733?
False
Does 12 divide 30984?
True
Is 2375 a multiple of 95?
True
Does 10 divide 590?
True
Is 63 a factor of 1386?
True
Is 6 a factor of 1062?
True
Does 20 divide 11186?
False
Is 6 a factor of 178?
False
Is 9 a factor of 342?
True
Does 81 divide 1053?
True
Does 45 divide 1268?
False
Does 5 divide 1108?
False
Is 19363 a multiple of 289?
True
Is 10780 a multiple of 7?
True
Does 23 divide 2392?
True
Does 141 divide 62886?
True
Is 17 a factor of 7548?
True
Is 23 a factor of 230?
True
Is 32 a factor of 3521?
False
Does 19 divide 2555?
False
Is 10 a factor of 20?
True
Is 12 a factor of 4480?
False
Is 890 a multiple of 10?
True
Is 3064 a multiple of 15?
False
Is 124 a factor of 2480?
True
Is 54 a factor of 972?
True
Is 14 a factor of 50638?
True
Is 1059 a multiple of 7?
False
Does 10 divide 403?
False
Is 14 a factor of 210?
True
Does 3 divide 9966?
True
Is 396 a multiple of 2?
True
Does 11 divide 550?
True
Is 19 a factor of 87079?
False
Does 12 divide 3144?
True
Does 79 divide 8531?
False
Is 10 a factor of 717?
False
Is 2 a factor of 117?
False
Is 12 a factor of 3193?
False
Does 53 divide 265?
True
Is 10 a factor of 4707?
False
Is 13 a factor of 637?
True
Is 23239 a multiple of 15?
False
Is 4 a factor of 328?
True
Is 9 a factor of 2825?
False
Is 114 a factor of 5244?
True
Is 20 a factor of 3135?
False
Is 29762 a multiple of 15?
False
Is 126 a factor of 21924?
True
Does 13 divide 3263?
True
Is 18 a factor of 47549?
False
Does 9 divide 408?
False
Is 231 a multiple of 21?
True
Is 813 a multiple of 5?
False
Is 17424 a multiple of 37?
False
Is 59 a factor of 24839?
True
Is 19 a factor of 414?
False
Is 103 a multiple of 2?
False
Is 83 a factor of 11151?
False
Is 43 a factor of 845?
False
Is 2596 a multiple of 59?
True
Does 23 divide 28022?
False
Is 314 a multiple of 11?
False
Is 5 a factor of 130?
True
Is 5 a factor of 44812?
False
Does 12 divide 468?
True
Does 157 divide 71435?
True
Is 9536 a multiple of 16?
True
Is 11 a factor of 501?
False
Does 10 divide 510?
True
Does 16 divide 7449?
False
Is 81241 a multiple of 97?
False
Does 59 divide 11505?
True
Is 76 a factor of 1494?
False
Does 6 divide 48?
True
Is 7320 a multiple of 60?
True
Is 56 a factor of 2576?
True
Is 23 a factor of 1633?
True
Is 6090 a multiple of 70?
True
Is 11 a factor of 17?
False
Is 9 a factor of 2097?
True
Is 30822 a multiple of 22?
True
Does 11 divide 13057?
True
Is 2095 a multiple of 39?
False
Does 29 divide 319?
True
Is 4 a factor of 558?
False
Is 137144 a multiple of 62?
True
Is 5 a factor of 9969?
False
Is 11 a factor of 1540?
True
Does 48 divide 672?
True
Is 432 a multiple of 27?
True
Is 3925 a multiple of 35?
False
Is 1727 a multiple of 11?
True
Does 23 divide 1119?
False
Does 2 divide 50?
True
Is 19 a factor of 37221?
True
Is 10 a factor of 5700?
True
Does 10 divide 210?
True
Is 7 a factor of 17?
False
Does 23 divide 4493?
False
Is 81 a factor of 1548?
False
Does 25 divide 36418?
False
Does 17 divide 57?
False
Is 95648 a multiple of 28?
True
Is 30 a factor of 5768?
False
Is 1440 a multiple of 9?
True
Does 85 divide 2857?
False
Is 18 a factor of 378?
True
Does 12 divide 187?
False
Does 5 divide 290?
True
Does 10 divide 660?
True
Is 22 a factor of 2662?
True
Is 21 a factor of 7754?
False
Is 6840 a multiple of 45?
True
Is 3 a factor of 7596?
True
Is 14 a factor of 1264?
False
Is 194 a factor of 77406?
True
Is 83 a factor of 8811?
False
Does 30 divide 4380?
True
Is 13 a factor of 5304?
True
Is 37 a factor of 1036?
True
Does 21 divide 168?
True
Is 801 even?
False
Is 152 a multiple of 19?
True
Is 62 a multiple of 21?
False
Is 812 a multiple of 28?
True
Is 61534 a multiple of 9?
False
Does 71 divide 1194?
False
Is 19 a factor of 5890?
True
Is 2902 a multiple of 4?
False
Is 2 a factor of 194?
True
Is 34200 a multiple of 180?
True
Does 170 divide 9463?
False
Is 32 a factor of 32017?
False
Is 2 a factor of 1279?
False
Does 8 divide 12896?
True
Is 130 a factor of 2600?
True
Is 105 a multiple of 21?
True
Does 6 divide 9426?
True
Is 18 a factor of 6678?
True
Is 48523 a multiple of 133?
False
Is 2050 a multiple of 16?
False
Is 20 a factor of 280?
True
Does 65 divide 1147?
False
Is 1527 a multiple of 160?
False
Does 115 divide 2883?
False
Is 55161 a multiple of 33?
False
Is 18 a factor of 396?
True
Is 1652 a multiple of 18?
False
Is 28 a factor of 15122?
False
Is 2657 a multiple of 24?
False
Does 4 divide 6580?
True
Is 54678 a multiple of 6?
True
Does 85 divide 18181?
False
Does 13 divide 27664?
True
Is 8664 a multiple of 34?
False
Is 503 a multiple of 20?
False
Is 5 a factor of 3121?
False
Does 29 divide 551?
True
Is 9 a factor of 414?
True
Is 8 a factor of 32972?
False
Is 1882 a multiple of 21?
False
Does 7 divide 2870?
True
Does 68 divide 19021?
False
Is 128 a factor of 2010?
False
Is 15 a factor of 34454?
False
Is 1440 a multiple of 20?
True
Does 11 divide 1224?
False
Is 6024 a multiple of 81?
False
Is 16 a factor of 721?
False
Is 60835 a multiple of 98?
False
Does 12 divide 151?
False
Does 14 divide 280?
True
Is 93 a factor of 186?
True
Does 4 divide 572?
True
Does 40 divide 71080?
True
Is 3 a factor of 246?
True
Is 15 a factor of 480?
True
Is 2782 a multiple of 105?
False
Does 4 divide 328?
True
Is 122078 a multiple of 62?
True
Is 3117 a multiple of 38?
False
Is 154 a multiple of 4?
False
Does 77 divide 6451?
False
Is 1916 a multiple of 3?
False
Does 56 divide 5579?
False
Is 1584 a multiple of 33?
True
Is 3253 a multiple of 12?
False
Is 51809 a multiple of 106?
False
Is 5104 a multiple of 44?
True
Is 220 a multiple of 3?
False
Is 4 a factor of 18760?
True
Is 3 a factor of 3811?
False
Is 4 a factor of 6927?
False
Does 6 divide 138?
True
Is 12 a factor of 919?
False
Does 14 divide 4332?
False
Is 5 a factor of 21775?
True
Is 7 a factor of 6279?
True
Is 404 a multiple of 7?
False
Is 2924 a multiple of 43?
True
Does 13 divide 13191?
False
Is 7 a factor of 643?
False
Is 249 a multiple of 11?
False
Does 72 divide 7923?
False
Is 12 a factor of 7296?
True
Does 17 divide 2595?
False
Does 3 divide 124?
False
Does 89 divide 2031?
False
Is 29 a factor of 791?
False
Is 45355 a multiple of 193?
True
Is 22440 a multiple of 8?
True
Is 1970 a multiple of 38?
False
Is 458 a multiple of 7?
False
Does 12 divide 396?
True
Is 14 a factor of 77112?
True
Is 70 a factor of 770?
True
Is 3809 a multiple of 13?
True
Is 121 a factor of 14406?
False
Is 20 a factor of 840?
True
Is 1699 a multiple of 10?
False
Is 2534 a multiple of 19?
False
Is 12 a factor of 2916?
True
Is 14 a factor of 61174?
False
Does 53 divide 1872?
False
Is 4013 a multiple of 47?
False
Is 41 a factor of 458?
False
Is 12592 a multiple of 10?
False
Is 6 a factor of 792?
True
Does 21 divide 882?
True
Is 73 a factor of 17082?
True
Is 33 a factor of 231?
True
Is 4 a factor of 72?
True
Is 2 a factor of 95?
False
Is 45 a factor of 7691?
False
Does 6 divide 954?
True
Is 31 a factor of 961?
True
Does 48 divide 30048?
True
Is 10560 a multiple of 24?
True
Is 9000 a multiple of 90?
True
Does 6 divide 3274?
False
Is 10 a factor of 782?
False
Does 34 divide 2516?
True
Is 105 a factor of 6615?
True
Is 3825 a multiple of 3?
True
Does 14 divide 686?
True
Does 136 divide 10871?
False
Is 21088 a multiple of 16?
True
Does 49 divide 7575?
False
Does 55 divide 15773?
False
Does 10 divide 813?
False
Is 529 a multiple of 21?
False
Does 4 divide 1060?
True
Does 15 divide 2595?
True
Does 68 divide 476?
True
Does 53 divide 6890?
True
Does 1